89 prime?
False
Is 692051 composite?
False
Is 6125509 prime?
False
Is 11255 a composite number?
True
Is 42163 prime?
False
Is 18707 composite?
True
Is 1906 prime?
False
Is 4542449 prime?
True
Is 172567 prime?
False
Is 40301 a composite number?
True
Is 3649 a composite number?
True
Is 9017 prime?
False
Is 4835 composite?
True
Is 1507 a composite number?
True
Is 14969 composite?
False
Is 701 a composite number?
False
Is 512797 composite?
False
Is 247691 a composite number?
False
Is 307 a composite number?
False
Is 955541 composite?
False
Is 3647 a composite number?
True
Is 4235939 prime?
True
Is 10427 prime?
True
Is 17681 prime?
True
Is 42641 a prime number?
True
Is 337961 prime?
False
Is 353071 composite?
True
Is 18287 a prime number?
True
Is 8999 prime?
True
Is 4637 a prime number?
True
Is 16413 a prime number?
False
Is 17417 a prime number?
True
Is 196097 a composite number?
True
Is 115459 prime?
True
Is 7377 a prime number?
False
Is 1353551 a prime number?
True
Is 32707 a composite number?
False
Is 61741 composite?
True
Is 24053 prime?
False
Is 62749 a prime number?
False
Is 338231 composite?
False
Is 542197 a composite number?
False
Is 15601 composite?
False
Is 7069 prime?
True
Is 719557 a prime number?
True
Is 1043 composite?
True
Is 42583 a prime number?
False
Is 16741 a composite number?
False
Is 2631 composite?
True
Is 2357617 a prime number?
True
Is 1943 composite?
True
Is 20681 a composite number?
False
Is 656717 a composite number?
True
Is 2605 prime?
False
Is 57839 a composite number?
False
Is 104071 a composite number?
True
Is 5513 prime?
False
Is 583967 prime?
False
Is 391939 prime?
True
Is 558967 prime?
False
Is 1572739 a prime number?
False
Is 737 a composite number?
True
Is 1311853 prime?
True
Is 168697 a composite number?
False
Is 1953901 prime?
True
Is 90583 a composite number?
False
Is 135151 prime?
True
Is 2531 composite?
False
Is 2802962 a composite number?
True
Is 8026 a composite number?
True
Is 13982 a prime number?
False
Is 145253 prime?
True
Is 347033 a composite number?
False
Is 202759 a prime number?
False
Is 4593 prime?
False
Is 133129 a composite number?
True
Is 11599 a composite number?
True
Is 21787 prime?
True
Is 115529 composite?
True
Is 1569 a prime number?
False
Is 7039 composite?
False
Is 3752185 a prime number?
False
Is 4829867 a prime number?
False
Is 7737 a prime number?
False
Is 746113 a prime number?
False
Is 1369051 prime?
True
Is 21467 a composite number?
False
Is 7057 a prime number?
True
Is 70127 a prime number?
False
Is 21421 a composite number?
True
Is 2563 a prime number?
False
Is 444139 prime?
False
Is 2014129 prime?
False
Is 555823 composite?
False
Is 1886081 prime?
True
Is 29137 prime?
True
Is 264697 a prime number?
True
Is 163811 prime?
True
Is 261971 a composite number?
False
Is 30241 a prime number?
True
Is 11303 a prime number?
False
Is 1823 prime?
True
Is 21763 prime?
False
Is 422 a prime number?
False
Is 19361 prime?
False
Is 35149 a prime number?
True
Is 109943 a composite number?
False
Is 386407 a prime number?
False
Is 21849 composite?
True
Is 135799 a prime number?
True
Is 13603 prime?
False
Is 6401 composite?
True
Is 1077 prime?
False
Is 8779 prime?
True
Is 10037 a prime number?
True
Is 28991 composite?
True
Is 6109 composite?
True
Is 114503 a composite number?
True
Is 1475653 a prime number?
False
Is 65353 a prime number?
True
Is 63197 composite?
False
Is 22051 composite?
False
Is 7711 prime?
False
Is 247193 prime?
True
Is 14173 a composite number?
False
Is 10831 a prime number?
True
Is 13669 prime?
True
Is 19223 a prime number?
False
Is 1759 composite?
False
Is 13517 prime?
False
Is 27299 composite?
False
Is 491059 composite?
False
Is 907 a composite number?
False
Is 12661 a prime number?
False
Is 29591 prime?
False
Is 63149 prime?
True
Is 324293 prime?
True
Is 32687 composite?
False
Is 852367 a prime number?
True
Is 1445095 a prime number?
False
Is 2029967 prime?
True
Is 4153 a prime number?
True
Is 528217 prime?
True
Is 829319 prime?
True
Is 179734 a prime number?
False
Is 535 a composite number?
True
Is 7789 a prime number?
True
Is 1398541 prime?
True
Is 3641305 a composite number?
True
Is 9395 prime?
False
Is 30907 composite?
True
Is 521 composite?
False
Is 1874 a composite number?
True
Is 18839 prime?
True
Is 589 prime?
False
Is 1087 a prime number?
True
Is 5027 a prime number?
False
Is 825857 a prime number?
True
Is 3061 a prime number?
True
Is 379 a prime number?
True
Is 40862 composite?
True
Is 5207 a prime number?
False
Is 273887 a prime number?
False
Is 76403 a prime number?
True
Is 35261 composite?
True
Is 16519 prime?
True
Is 1414147 a prime number?
False
Is 3137 a composite number?
False
Is 421846 prime?
False
Is 981061 a composite number?
False
Is 35747 prime?
True
Is 622709 a prime number?
True
Is 13553 composite?
False
Is 6189 prime?
False
Is 2863 a composite number?
True
Is 1060177 composite?
False
Is 146337 prime?
False
Is 51314 prime?
False
Is 387041 a composite number?
True
Is 1006217 composite?
False
Is 28439 a prime number?
True
Is 291053 a prime number?
False
Is 1478 a prime number?
False
Is 63419 a prime number?
True
Is 45739 a composite number?
True
Is 692077 a prime number?
False
Is 188813 a composite number?
True
Is 28043 composite?
True
Is 676177 prime?
False
Is 50981 a composite number?
True
Is 17455 composite?
True
Is 99247 a composite number?
True
Is 63359 composite?
True
Is 20413 a prime number?
False
Is 2192713 composite?
False
Is 2381183 composite?
True
Is 4747 a composite number?
True
Is 225961 a composite number?
False
Is 381727 a composite number?
True
Is 518933 a composite number?
False
Is 66161 composite?
False
Is 33547 a composite number?
False
Is 3158 a prime number?
False
Is 8705 a composite number?
True
Is 26557 a composite number?
False
Is 305 composite?
True
Is 4031 a composite number?
True
Is 35261 composite?
True
Is 132413 a composite number?
True
Is 3651 a prime number?
False
Is 23477 composite?
True
Is 27971 composite?
True
Is 5345 prime?
False
Is 2018 a prime number?
False
Is 373613 composite?
False
Is 7807 prime?
False
Is 429329 prime?
True
Is 361409 prime?
True
Is 43391 a composite number?
False
Is 2498 prime?
False
Is 195967 composite?
False
Is 63487 a composite number?
False
Is 28751 composite?
False
Is 1528015 composite?
True
Is 13043 a prime number?
True
Is 46439 prime?
True
Is 1383823 composite?
True
Is 10589 composite?
False
Is 489613 a composite number?
False
Is 53047 composite?
False
Is 11167 prime?
False
Is 13811 composite?
True
Is 419578 composite?
True
Is 154631 prime?
False
Is 72395 prime?
False
Is 8461 prime?
True
Is 244243 a prime number?
True
Is 106291 a composite number?
False
Is 206447 composite?
False
Is 757121 a composite number?
True
Is 58831 a prime number?
True
Is 301 a composite number?
True
Is 56369 prime?
True
Is 115819 composite?
True
Is 3455591 prime?
True
Is 5731 composite?
True
Is 35009 prime?
False
Is 14429 a composite number?
True
Is 50069 a prime number?
True
Is 430529 prime?
False
Is 2503 composite?
False
Is 67667 a composite number?
True
Is 127181 prime?
False
Is 723 a composite number?
True
Is 879383 composite?
True
Is 1742207 prime?
False
Is 3943 composite?
False
Is 21191 prime?
True
Is 524555 a prime number?
False
Is 566939 composite?
False
Is 350195 prime?
False
Is 535721 composite?
True
Is 47341 prime?
False
Is 23699 a composite number?
True
Is 125453 a composite number?
False
Is 741661 a composite number?
False
Is 2887 composite?
False
Is 6679 prime?
True
Is 9277 a composite number?
False
Is 787 a prime number?
True
Is 301277 a prime number?
False
Is 310223 a prime number?
True
Is 44291 composite?
True
Is 629921 a prime number?
True
Is 23513 composite?
True
Is 7249 composite?
True
Is 187 a prime number?
False
Is 219169 composite?
False
Is 132283 a prime number?
True
Is 245239 prime?
False
Is 62027 composite?
True
Is 4711 composite?
True
Is 216607 a composite number?
False
Is 3049081 composite?
True
Is 170197 prime?
True
Is 1703809 composite?
False
Is 24239 a composite number?
False
Is 7617 a prime number?
False
Is 2183 composite?
True
Is 29447 composite?
True
Is 6773 a composite number?
True
Is 7109 prime?
True
Is 677057 prime?
True
Is 864439 a composite number?
False
Is 3593 a prime 